ts digit of m?
4
Suppose 6 = y - 110. What is the tens digit of y?
1
Let o = -50 + 72. Suppose 0 = 3*k - 4*v - 59, -o - 5 = -4*k - 5*v. Suppose -3*t + k = 3*l - 8, -l = 5*t - 43. What is the units digit of t?
9
Let n(p) = -p**2 + p + 1. Let c(d) = 3*d**2 + 2*d - 6. Let b(u) = c(u) + 4*n(u). What is the units digit of b(4)?
6
Let p = -41 + 64. What is the tens digit of p?
2
Let w(p) be the third derivative of p**4/2 - 3*p**2. What is the tens digit of w(1)?
1
Let w be 3 - (-13 - -4)/(-3). Suppose -2*t - 5*v + 0*v = -17, -t = -3*v - 14. Suppose w = -3*d + 1 + t. What is the units digit of d?
4
Let v(g) = 7*g + 5. Let p(b) = -b**3 + 7*b**2 - 8*b + 15. Let j be p(6). What is the units digit of v(j)?
6
Let o(z) = z**3 + 11*z**2 - 2*z + 1. Let i be o(-11). Suppose -i = -x - 7. What is the units digit of x?
6
Suppose -6*m + 25 = -m. What is the units digit of m?
5
What is the units digit of (-266)/(-3) - -3 - 5/(-15)?
2
Suppose 3 = -u + 48. What is the units digit of u?
5
Suppose -3*o - 209 = 85. Let p = o - -146. What is the tens digit of p?
4
Suppose -3*q + 14 = 35. Let h = 3 - q. What is the tens digit of h?
1
Let o(u) = 3*u - 6. What is the tens digit of o(20)?
5
Let t be 15/21 - (-4)/14. Let y(b) = 4*b**3 - b**2 + b. Let m be y(t). What is the units digit of (-34)/(-8) - 1/m?
4
Let a(u) = -u**3 + 8*u**2 - 7*u - 5. What is the units digit of a(6)?
5
Suppose 2*i - 4 = i. What is the units digit of (-220)/(-14) + i/14?
6
Let f(b) = -2*b - 3*b + 11 + b**2 - 2*b - 3*b. Let q(p) = 3*p**2 + 2*p + 2. Let z be q(-2). What is the units digit of f(z)?
1
Suppose -u - 2 = 2. What is the units digit of (u/(-1))/(1/2)?
8
Suppose -a = -6*a - 115. Let i = a - -33. What is the units digit of i?
0
Suppose -12 = -3*u, 6 = m - 4*u - 21. What is the tens digit of m?
4
Let q be 4*-4*20/(-8). Let m be (-4)/18 - q/(-18). Suppose k - 3*k - 4*p = 2, -5*k + m*p = -43. What is the units digit of k?
7
Suppose 350 = 7*g - 2*g. What is the units digit of g?
0
Suppose -2*i + 4*n + 12 = 0, 4*i = -i - 3*n + 30. Let f(t) = t**3 - 4*t**2 - 6*t + 8. What is the tens digit of f(i)?
4
Suppose 3*k + j = 319, -3*j = -j - 8. What is the hundreds digit of k?
1
Let c(a) = a**2 - 6*a - 6. Let s be c(6). Let f be (-2)/s - (-55)/15. Suppose 2 = -f*u + 14. What is the units digit of u?
3
Let m = 49 - 22. What is the tens digit of m?
2
Let o be ((-52)/(-8))/(2/24). Let c = o - 42. What is the tens digit of c?
3
Let v(b) = 4*b + 2 + 9*b - 1 - 9*b + b**2. What is the tens digit of v(-6)?
1
Suppose 0 = 3*y - 3*r + 6, r - 3*r + 4 = 4*y. Suppose 2*c = 2 - y. What is the units digit of 0/c + -1 + 4?
3
Suppose -4*a + 16 = 2*j, -2 - 8 = -5*a. What is the units digit of 18/j*(-4)/(-6)?
3
Let p(c) = -c**3 + 16*c**2 - 13*c - 20. What is the tens digit of p(15)?
1
What is the hundreds digit of 149 + -2 + 0 - 2?
1
Let r(c) = -c**2 + 7*c - 4. Let n(i) = -i - 1. Let v be n(-7). Let o be r(v). What is the tens digit of o/1 + (1 - -9)?
1
Let o(u) = -28*u - 4. What is the units digit of o(-4)?
8
Let j(l) = 4*l**3 - 35*l**2 - 49*l + 35. Let d(i) = 3*i**3 - 23*i**2 - 33*i + 23. Let x(o) = -7*d(o) + 5*j(o). What is the units digit of x(-13)?
7
Suppose k + u - 12 = 0, 3*u - 29 = 2*k - 4*k. Let b = k - -3. What is the units digit of 5/7 - b/(-35)?
1
Suppose -3*d + 14 + 34 = 0. What is the units digit of d?
6
Suppose -2*v + 5*r = -1, 5*v + r - 6*r - 25 = 0. What is the units digit of (33/2)/(6/v)?
2
Let o(b) = -b**2 - 6*b + 6. Let z be o(-8). What is the units digit of 1/(-5) + (-62)/z?
6
Let k(o) be the first derivative of o**4/4 - 7*o**3/3 + 7*o**2/2 - 4*o + 1. Let z = 5 + 1. What is the units digit of k(z)?
2
Suppose -4*i + h = -26, 4*i + 5*h - 6 = 8. Let o = 8 - i. What is the units digit of o?
2
Suppose 0*q + 2*q = 0. Suppose q*r + r - 35 = -2*h, -4*h + 37 = r. What is the tens digit of r?
3
Let y = -92 - -121. What is the tens digit of y?
2
Let c be (2/6)/(3/18). Let q(n) = n - c*n - 4 + 0*n. What is the units digit of q(-7)?
3
Let v = -12 + 16. Suppose -p - 3*z + 1 = -v, 15 = 3*p - 4*z. What is the units digit of p?
5
Suppose 5*u = -5*r + 135, -66 = -2*r - 3*u - 2*u. What is the units digit of r?
3
Suppose -3*n + 0*n - 21 = 0. What is the tens digit of 6/(-21) - 142/n?
2
Let q(c) = -3 + 3*c - 3*c + 2*c. What is the units digit of q(5)?
7
Suppose m = 47 - 2. What is the units digit of m?
5
Suppose 3*o + 6 = -12. Let h be 0*(-3)/o + 1. Let r = 3 + h. What is the units digit of r?
4
Let q = 14 - -29. What is the units digit of q?
3
Let i(h) = -2*h**3 - 4*h + 1. What is the units digit of i(-2)?
5
Let f(l) = l**3 - 2*l**2 + l + 1. Let s be f(2). Let j = s + -2. Let g(b) = 3*b**2 + 2*b - 1. What is the units digit of g(j)?
4
Let a = -57 - -41. Let r = 37 - a. What is the tens digit of r?
5
What is the units digit of (-4 + 14/4)*-468?
4
Let c = -33 + 22. Let p = 39 + c. What is the units digit of p?
8
Suppose -1406 - 804 = -13*a. What is the hundreds digit of a?
1
Suppose -5*b + 29 = -2*b + 5*s, -4*b + 32 = 5*s. Suppose 6*y - 3*y - 58 = 4*t, -y = -b*t - 21. What is the tens digit of y?
1
Let c(n) = 35*n - 12. What is the tens digit of c(6)?
9
Suppose 0*q = -5*q - 3*t + 649, -4*q + t + 509 = 0. What is the tens digit of q?
2
Let d = 4 - 3. Let n be 0/(d*1*-3). Suppose 5*f - 10 = -3*x, n = -2*f - 3 - 5. What is the tens digit of x?
1
Let z(t) = -1 - 2*t**2 + t**2 + 5*t**2 - 5*t**2 + 2*t + 48*t**3. Let c be z(1). Suppose -2*r + 5*x = -6*r + c, -x + 64 = 4*r. What is the units digit of r?
7
Suppose -17 = 3*o + 1. What is the units digit of ((-2)/4)/(o/216)?
8
Let a = -26 - -175. What is the tens digit of a?
4
Suppose 2*f = 8*f - 894. What is the tens digit of f?
4
Suppose 0 = 2*v - 79 + 23. What is the units digit of v?
8
Let o(p) = 14*p**2 + 2*p + 1. What is the tens digit of o(-2)?
5
Suppose 178 = -4*k + 474. What is the units digit of k?
4
Suppose -8*u + 1119 = -177. What is the units digit of u?
2
Let f = -138 + 288. What is the units digit of f?
0
Let u = -137 + 478. What is the tens digit of u?
4
Let a be 2/(-2) + (-9 - 2). What is the units digit of a/(-2) - -2 - -2?
0
Suppose 4*j = -4*f + f + 559, -f - 713 = -5*j. What is the units digit of j?
2
Suppose -3*k - 20 = 154. Let w = -37 - k. Let l = w + -14. What is the units digit of l?
7
Let t(q) = -q - 16. Let h be t(-12). Let c(a) = -8*a - 10. What is the tens digit of c(h)?
2
Let z = 0 + -16. What is the units digit of 21/(6*(-4)/z)?
4
Suppose 0 = -2*r + 6*r - 8. Suppose 3*o = r*o + 10. Let i = o + -7. What is the units digit of i?
3
Let d = 375 - 251. What is the hundreds digit of d?
1
Let i(r) = 2*r + 1. Let h be i(-5). Let l = h + -15. Let f = 34 + l. What is the units digit of f?
0
Suppose 0*h = -5*h + 25. Suppose h*k - 2*k = 15. Let r = 6 - k. What is the units digit of r?
1
Let r(c) = -c**2 + 8*c - 2. What is the tens digit of r(3)?
1
Suppose -2*n = -1 + 7. Let o = n + 10. What is the units digit of o?
7
Suppose 0 = -2*p - 2*p. What is the units digit of 7 - p/(-1) - -3?
0
Suppose -3*g = 5*x - 2 - 28, 24 = 4*x - 3*g. Let i(o) = o**2 - 6*o + 7. Let p be i(7). Let b = p - x. What is the units digit of b?
8
Suppose -2*a = a - 75. What is the units digit of a?
5
What is the tens digit of 111/3*(-1 - (0 + -2))?
3
Let b = -1 - -13. What is the units digit of b?
2
Suppose -x + 2*x = -2*y + 90, 2*x = y - 40. Suppose 0 = -5*d + 5*r + 55, -2*r = 4*d - 4*r - y. What is the units digit of d?
1
Let h(k) = -2*k - 9. Let f be h(-7). Suppose -f*x - 2 = -12. Let t(o) = 7*o - 1. What is the units digit of t(x)?
3
Let m(h) = h**2 + 3*h + 4. Let l be m(-3). Suppose 2*t - g = l + 8, t - 4*g + 8 = 0. Suppose 2*a = -2*a + t. What is the units digit of a?
2
Suppose y - 12 = -0. Let t(d) = 2*d - 4. What is the tens digit of t(y)?
2
Let l(t) be the second derivative of 13*t**5/20 + t**4/12 - t**3/6 - t. Let s be l(1). Suppose 0 = z - 2 - s. What is the units digit of z?
5
Suppose -u = -6 + 3. Suppose -u + 9 = 2*n. What is the units digit of n?
3
Let o be (-4)/18 + 392/63. Let n(z) = -2*z - 4. Let l be n(-3). Suppose o + l = 2*f. What is the units digit of f?
4
What is the hundreds digit of 343 + (-4)/(-2) - 6?
3
Suppose -2*x - 9 = x. Let a = 2 + x. What is the units digit of a + 1 - (-11 + 2)?
9
Let m = -34 - -90. What is the tens digit of m?
5
Let a(m) = -m**2 - 5*m + 6. Let x